he highest common factor of 3894 and 99?
33
What is the highest common factor of 77 and 55?
11
Calculate the greatest common divisor of 2842 and 98.
98
What is the greatest common factor of 1206 and 12?
6
What is the highest common divisor of 164 and 34?
2
What is the highest common divisor of 30 and 2325?
15
Calculate the highest common divisor of 234 and 6.
6
Calculate the greatest common factor of 203 and 7.
7
What is the highest common divisor of 14 and 175?
7
Calculate the greatest common divisor of 105 and 9.
3
Calculate the greatest common factor of 36 and 180.
36
What is the highest common factor of 273 and 3?
3
Calculate the greatest common divisor of 69 and 4577.
23
What is the greatest common divisor of 57 and 3?
3
Calculate the highest common factor of 44 and 22.
22
Calculate the highest common divisor of 3783 and 117.
39
Calculate the greatest common factor of 117 and 481.
13
What is the highest common divisor of 1635 and 15?
15
Calculate the highest common factor of 5775 and 63.
21
Calculate the highest common divisor of 100 and 50.
50
What is the greatest common divisor of 126 and 154?
14
What is the greatest common factor of 8 and 36?
4
What is the highest common factor of 15 and 125?
5
Calculate the highest common factor of 762 and 2794.
254
Calculate the greatest common divisor of 403 and 351.
13
What is the highest common factor of 2184 and 72?
24
What is the greatest common factor of 56 and 378?
14
Calculate the highest common divisor of 48 and 516.
12
What is the greatest common divisor of 96 and 1380?
12
What is the highest common divisor of 100 and 52900?
100
What is the highest common divisor of 1035 and 11799?
207
Calculate the greatest common divisor of 108 and 4482.
54
Calculate the highest common divisor of 41700 and 300.
300
What is the greatest common divisor of 5148 and 165?
33
Calculate the highest common factor of 854 and 122.
122
Calculate the greatest common divisor of 91 and 35.
7
Calculate the greatest common divisor of 61 and 8479.
61
Calculate the greatest common factor of 84 and 3556.
28
Calculate the highest common divisor of 270 and 310.
10
Calculate the highest common divisor of 528 and 3256.
88
Calculate the greatest common factor of 98 and 2450.
98
What is the highest common divisor of 135 and 3294?
27
Calculate the greatest common divisor of 1152 and 128.
128
Calculate the greatest common divisor of 62 and 276.
2
Calculate the highest common divisor of 3447 and 9.
9
Calculate the greatest common divisor of 221 and 119.
17
Calculate the highest common factor of 1998 and 74.
74
What is the greatest common factor of 621 and 27?
27
What is the greatest common divisor of 2201 and 62?
31
Calculate the greatest common factor of 1422 and 158.
158
What is the greatest common divisor of 9 and 81?
9
Calculate the highest common factor of 8 and 610.
2
What is the highest common divisor of 18 and 3174?
6
What is the greatest common divisor of 308 and 224?
28
Calculate the highest common factor of 305 and 549.
61
Calculate the highest common factor of 50 and 170.
10
What is the highest common divisor of 13 and 17433?
13
What is the highest common divisor of 154 and 28?
14
Calculate the greatest common divisor of 75 and 7300.
25
Calculate the greatest common divisor of 182 and 392.
14
What is the greatest common divisor of 55 and 5885?
55
What is the greatest common factor of 50 and 25?
25
What is the highest common divisor of 322 and 690?
46
Calculate the greatest common divisor of 104 and 22152.
104
Calculate the greatest common divisor of 34 and 68.
34
Calculate the highest common divisor of 396 and 2068.
44
Calculate the highest common factor of 166 and 6557.
83
What is the highest common divisor of 33 and 2013?
33
What is the greatest common divisor of 34317 and 31?
31
What is the greatest common factor of 392 and 8?
8
Calculate the greatest common factor of 64 and 2368.
64
What is the greatest common factor of 1230 and 90?
30
Calculate the highest common factor of 168 and 196.
28
Calculate the highest common factor of 260 and 572.
52
What is the highest common factor of 80 and 310?
10
What is the highest common divisor of 4335 and 34?
17
What is the greatest common divisor of 22 and 660?
22
Calculate the greatest common divisor of 20 and 32420.
20
What is the highest common factor of 20 and 28?
4
Calculate the highest common divisor of 16 and 6872.
8
What is the highest common factor of 820 and 5945?
205
What is the greatest common factor of 9082 and 38?
38
Calculate the highest common factor of 1 and 42.
1
What is the greatest common factor of 29 and 61?
1
Calculate the greatest common factor of 425 and 400.
25
What is the greatest common divisor of 15 and 135?
15
What is the highest common factor of 305 and 1159?
61
What is the highest common divisor of 2025 and 432?
27
What is the greatest common divisor of 202 and 1616?
202
Calculate the greatest common factor of 1992 and 747.
249
What is the greatest common factor of 304 and 16?
16
What is the highest common divisor of 1995 and 420?
105
What is the greatest common divisor of 13 and 481?
13
What is the highest common factor of 150 and 300?
150
What is the highest common factor of 15128 and 61?
61
What is the highest common divisor of 786 and 393?
393
What is the highest common divisor of 272 and 96?
16
What is the highest common divisor of 732 and 36?
12
What is the greatest common divisor of 1188 and 88?
44
Calculate the highest common factor of 2197 and 1690.
169
Calculate the highest common divisor of 2490 and 390.
30
Calculate the greatest common divisor of 225 and 420.
15
Calculate the greatest common divisor of 77 and 88.
11
Calculate the greatest common factor of 279 and 744.
93
Calculate the highest common factor of 126 and 96.
6
Calculate the greatest common divisor of 276 and 72.
12
Calculate the highest common factor of 7 and 469.
7
What is the greatest common divisor of 940 and 8?
4
Calculate the greatest common divisor of 2360 and 59.
59
What is the greatest common factor of 67 and 1943?
67
Calculate the highest common divisor of 1136 and 112.
16
What is the greatest common divisor of 36 and 1494?
18
What is the highest common factor of 118 and 2714?
118
Calculate the highest common factor of 17 and 459.
17
What is the greatest common divisor of 35 and 140?
35
Calculate the greatest common divisor of 200 and 5300.
100
Calculate the greatest common divisor of 728 and 2.
2
What is the highest common factor of 5 and 965?
5
What is the highest common factor of 369 and 451?
41
What is the greatest common divisor of 48 and 126?
6
Calculate the greatest common divisor of 156 and 143.
13
Calculate the highest common factor of 55 and 77.
11
Calculate the greatest common divisor of 425 and 9.
1
What is the highest common factor of 37 and 333?
37
Calculate the highest common factor of 20 and 40.
20
What is the greatest common factor of 285 and 255?
15
Calculate the greatest common factor of 46 and 1.
1
What is the greatest common factor of 49 and 147?
49
Calculate the greatest common divisor of 3 and 4827.
3
What is the highest common factor of 215 and 5?
5
Calculate the highest common divisor of 182 and 14.
14
What is the highest common divisor of 94 and 893?
47
What is the greatest common factor of 70 and 10?
10
What is the highest common divisor of 76 and 4?
4
What is the highest common divisor of 2449 and 79?
79
What is the highest common factor of 2817 and 9?
9
Calculate the greatest common factor of 204 and 476.
68
Calculate the highest common divisor of 20 and 10.
10
Calculate the highest common factor of 348 and 156.
12
Calculate the highest common divisor of 64 and 14.
2
Calculate the highest common factor of 282 and 1598.
94
Calculate the highest common divisor of 2916 and 6.
6
What is the greatest common divisor of 18 and 1494?
18
Calculate the highest common factor of 343 and 6125.
49
Calculate the highest common factor of 13262 and 95.
19
Calculate the greatest common divisor of 16 and 1384.
8
Calculate the highest common divisor of 64 and 2080.
32
What is the highest common factor of 12 and 268?
4
What is the greatest common factor of 1552 and 16?
16
What is the greatest common divisor of 12 and 2028?
12
Calculate the highest common